{"id":38,"date":"2016-08-29T21:53:46","date_gmt":"2016-08-29T21:53:46","guid":{"rendered":"http:\/\/cicparaguay.org\/cic\/?page_id=38"},"modified":"2016-08-31T19:13:14","modified_gmt":"2016-08-31T19:13:14","slug":"la-congregacion-en-el-paraguay","status":"publish","type":"page","link":"https:\/\/cicparaguay.org\/cic\/la-congregacion-en-el-paraguay\/","title":{"rendered":"La congregaci\u00f3n en el Paraguay"},"content":{"rendered":"<p>Las primeras hermanas llegaron a nuestra tierra guaran\u00ed en el a\u00f1o 1939, instal\u00e1ndose en la ciudad de <strong>Caazap\u00e1.<\/strong><\/p>\n<p>El padre Agust\u00edn Elizalde llega a Caazap\u00e1 en 1930 por consejo m\u00e9dico. Este sacerdote ven\u00eda de Ciudadela (Bs. As) Cura P\u00e1rroco de Santa Juana de Arco. Se hosped\u00f3 en la Casa Parroquial de Caazap\u00e1 con el Padre Juan Ben\u00edtez Balmaceda.\u00a0 El Padre Ben\u00edtez le expres\u00f3 el deseo de tener religiosas en su parroquia.\u00a0 \u00c9L,\u00a0 era amigo de la Congregaci\u00f3n, contando desde ya con el gran coraz\u00f3n de la Madre Germaine Sapene, Superiora Provincial en Argentina, dijo\u00a0 con seguridad que acceder\u00eda al pedido. Hecha la propuesta, la Madre Germaine puso una condici\u00f3n: <em>deb\u00edan primeramente enviar vocaciones al noviciado.<\/em><\/p>\n<p>Al volver de uno de sus viajes el Padre Elizalde se fue con 10 j\u00f3venes paraguayas, que deseaban entrar al Postulantado. As\u00ed comenzar\u00eda esta historia azul en Paraguay, en la ciudad de Caazap\u00e1, tierra de Fray Luis de Bola\u00f1os.<\/p>\n<p>Las hermanas fundadoras fueron:<\/p>\n<ul>\n<li>Madre Lucienne Laroche (Superiora),<\/li>\n<li>Sor Victorina Santos Souza (Directora del Colegio),<\/li>\n<li>Sor Bernardin Gau (Profesora de Franc\u00e9s),<\/li>\n<li>Sor Juliana Vidal (Profesora de Corte y Confecci\u00f3n),<\/li>\n<li>Sor Cristina Correngia (Maestra y Profesora de Dibujo),<\/li>\n<li>Sor Ignacia Ben\u00edtez Balmaceda (Ec\u00f3noma).<\/li>\n<\/ul>\n<p>&nbsp;<\/p>\n<p>La \u00a0Congregaci\u00f3n en el transcurso del tiempo fue abri\u00e9ndose a aquellos j\u00f3venes que aman y quieren vivir el Carisma y la Espiritualidad de las Hermanas de Nuestra Se\u00f1ora de la Inmaculada Concepci\u00f3n de Castres (Azules),\u00a0 actualmente est\u00e1 integrada tambi\u00e9n por hermanos azules. Estamos trabajando en 17 comunidades, 15 en Paraguay y 2 en Venezuela.<\/p>\n<p>&nbsp;<\/p>\n<p>En 1968, el Cap\u00edtulo General resolvi\u00f3 la creaci\u00f3n de la Provincia Paraguaya. El 6 de enero de 1969, la Madre Mar\u00eda Rosal\u00eda Corval\u00e1n recibe la comunicaci\u00f3n del Consejo General de su nombramiento como primera Superiora Provincial del Paraguay, que en ese entonces formaba parte de la Provincia Argentina.<\/p>\n<p>La Provincia Paraguaya se inici\u00f3 con 6 obras y 62 hermanas trabajando en las distintas obras.<\/p>\n<p>Las obras son: 5 colegios, los de Asunci\u00f3n, Caazap\u00e1, Encarnaci\u00f3n, Concepci\u00f3n y Saladillo, la sexta\u00a0 trabaja en el \u00a0Hospital Militar, (Comunidad Sagrado Coraz\u00f3n de Jes\u00fas).<\/p>\n<p>Fue una \u00e9poca posconciliar muy dif\u00edcil donde se buscaba renovaci\u00f3n, nuevos caminos, nueva configuraci\u00f3n de la vida religiosa para responder a los desaf\u00edos de esa \u00e9poca.<\/p>\n<p>La sede \u00a0de la Provincia Paraguay, est\u00e1 asentada en la ciudad de Asunci\u00f3n, en la calle Solar Guaran\u00ed\u00a0 1.104 y Herminio Gim\u00e9nez.<\/p>\n","protected":false},"excerpt":{"rendered":"<p>Las primeras hermanas llegaron a nuestra tierra guaran\u00ed en el a\u00f1o 1939, instal\u00e1ndose en la ciudad de Caazap\u00e1. El padre Agust\u00edn Elizalde llega a Caazap\u00e1 en 1930 por consejo m\u00e9dico. Este sacerdote ven\u00eda de Ciudadela (Bs. As) Cura P\u00e1rroco de Santa Juana de Arco. Se hosped\u00f3 en la Casa Parroquial de Caazap\u00e1 con el Padre<a href=\"https:\/\/cicparaguay.org\/cic\/la-congregacion-en-el-paraguay\/\">[&#8230;]<\/a><\/p>\n","protected":false},"author":1,"featured_media":0,"parent":0,"menu_order":0,"comment_status":"closed","ping_status":"closed","template":"","meta":[],"wppr_data":[],"_links":{"self":[{"href":"https:\/\/cicparaguay.org\/cic\/wp-json\/wp\/v2\/pages\/38"}],"collection":[{"href":"https:\/\/cicparaguay.org\/cic\/wp-json\/wp\/v2\/pages"}],"about":[{"href":"https:\/\/cicparaguay.org\/cic\/wp-json\/wp\/v2\/types\/page"}],"author":[{"embeddable":true,"href":"https:\/\/cicparaguay.org\/cic\/wp-json\/wp\/v2\/users\/1"}],"replies":[{"embeddable":true,"href":"https:\/\/cicparaguay.org\/cic\/wp-json\/wp\/v2\/comments?post=38"}],"version-history":[{"count":4,"href":"https:\/\/cicparaguay.org\/cic\/wp-json\/wp\/v2\/pages\/38\/revisions"}],"predecessor-version":[{"id":66,"href":"https:\/\/cicparaguay.org\/cic\/wp-json\/wp\/v2\/pages\/38\/revisions\/66"}],"wp:attachment":[{"href":"https:\/\/cicparaguay.org\/cic\/wp-json\/wp\/v2\/media?parent=38"}],"curies":[{"name":"wp","href":"https:\/\/api.w.org\/{rel}","templated":true}]}}