{"id":168,"date":"2016-11-22T11:29:37","date_gmt":"2016-11-22T11:29:37","guid":{"rendered":"http:\/\/cicparaguay.org\/cic\/?page_id=168"},"modified":"2017-08-03T18:46:11","modified_gmt":"2017-08-03T18:46:11","slug":"mision-indigena-alto-parana","status":"publish","type":"page","link":"https:\/\/cicparaguay.org\/cic\/mision-indigena-alto-parana\/","title":{"rendered":"Misi\u00f3n Ind\u00edgena La Fortuna (Alto Paran\u00e1)"},"content":{"rendered":"<p>La Misi\u00f3n ind\u00edgena en Alto Paran\u00e1 est\u00e1 funcionando desde 1994, para atender las necesidades sociales y de educaci\u00f3n de nuestros hermanos ind\u00edgenas \u00a0Ava Guarani y Mbya Guarani.<\/p>\n<p>Actualmente, en la zona de influencia existen m\u00e1s de 3.000 personas de todas las edades: ni\u00f1os, j\u00f3venes, adultos y adultos mayores, distribuidas en 38 comunidades.<\/p>\n<p>Entre la cobertura de la Misi\u00f3n se cuenta:<\/p>\n<ul>\n<li>Pastoral ind\u00edgena<\/li>\n<li>Acompa\u00f1amiento a las comunidades ind\u00edgenas.<\/li>\n<li>Promoci\u00f3n humana.<\/li>\n<\/ul>\n<div id='gallery-1' class='gallery galleryid-168 gallery-columns-3 gallery-size-thumbnail'><figure class='gallery-item'>\n\t\t\t<div class='gallery-icon landscape'>\n\t\t\t\t<a href='https:\/\/cicparaguay.org\/cic\/p1040216\/'><img width=\"150\" height=\"150\" src=\"https:\/\/cicparaguay.org\/cic\/wp-content\/uploads\/2016\/11\/P1040216-150x150.jpg\" class=\"attachment-thumbnail size-thumbnail\" alt=\"\" loading=\"lazy\" srcset=\"https:\/\/cicparaguay.org\/cic\/wp-content\/uploads\/2016\/11\/P1040216-150x150.jpg 150w, https:\/\/cicparaguay.org\/cic\/wp-content\/uploads\/2016\/11\/P1040216-73x73.jpg 73w, https:\/\/cicparaguay.org\/cic\/wp-content\/uploads\/2016\/11\/P1040216-174x174.jpg 174w, https:\/\/cicparaguay.org\/cic\/wp-content\/uploads\/2016\/11\/P1040216-250x250.jpg 250w\" sizes=\"(max-width: 150px) 100vw, 150px\" \/><\/a>\n\t\t\t<\/div><\/figure><figure class='gallery-item'>\n\t\t\t<div class='gallery-icon landscape'>\n\t\t\t\t<a href='https:\/\/cicparaguay.org\/cic\/p1030637\/'><img width=\"150\" height=\"150\" src=\"https:\/\/cicparaguay.org\/cic\/wp-content\/uploads\/2016\/11\/P1030637-150x150.jpg\" class=\"attachment-thumbnail size-thumbnail\" alt=\"\" loading=\"lazy\" srcset=\"https:\/\/cicparaguay.org\/cic\/wp-content\/uploads\/2016\/11\/P1030637-150x150.jpg 150w, https:\/\/cicparaguay.org\/cic\/wp-content\/uploads\/2016\/11\/P1030637-73x73.jpg 73w, https:\/\/cicparaguay.org\/cic\/wp-content\/uploads\/2016\/11\/P1030637-174x174.jpg 174w, https:\/\/cicparaguay.org\/cic\/wp-content\/uploads\/2016\/11\/P1030637-250x250.jpg 250w\" sizes=\"(max-width: 150px) 100vw, 150px\" \/><\/a>\n\t\t\t<\/div><\/figure><figure class='gallery-item'>\n\t\t\t<div class='gallery-icon landscape'>\n\t\t\t\t<a href='https:\/\/cicparaguay.org\/cic\/p1030633\/'><img width=\"150\" height=\"150\" src=\"https:\/\/cicparaguay.org\/cic\/wp-content\/uploads\/2016\/11\/P1030633-150x150.jpg\" class=\"attachment-thumbnail size-thumbnail\" alt=\"\" loading=\"lazy\" srcset=\"https:\/\/cicparaguay.org\/cic\/wp-content\/uploads\/2016\/11\/P1030633-150x150.jpg 150w, https:\/\/cicparaguay.org\/cic\/wp-content\/uploads\/2016\/11\/P1030633-73x73.jpg 73w, https:\/\/cicparaguay.org\/cic\/wp-content\/uploads\/2016\/11\/P1030633-174x174.jpg 174w, https:\/\/cicparaguay.org\/cic\/wp-content\/uploads\/2016\/11\/P1030633-250x250.jpg 250w\" sizes=\"(max-width: 150px) 100vw, 150px\" \/><\/a>\n\t\t\t<\/div><\/figure><figure class='gallery-item'>\n\t\t\t<div class='gallery-icon landscape'>\n\t\t\t\t<a href='https:\/\/cicparaguay.org\/cic\/p1030592\/'><img width=\"150\" height=\"150\" src=\"https:\/\/cicparaguay.org\/cic\/wp-content\/uploads\/2016\/11\/P1030592-150x150.jpg\" class=\"attachment-thumbnail size-thumbnail\" alt=\"\" loading=\"lazy\" srcset=\"https:\/\/cicparaguay.org\/cic\/wp-content\/uploads\/2016\/11\/P1030592-150x150.jpg 150w, https:\/\/cicparaguay.org\/cic\/wp-content\/uploads\/2016\/11\/P1030592-73x73.jpg 73w, https:\/\/cicparaguay.org\/cic\/wp-content\/uploads\/2016\/11\/P1030592-174x174.jpg 174w, https:\/\/cicparaguay.org\/cic\/wp-content\/uploads\/2016\/11\/P1030592-250x250.jpg 250w\" sizes=\"(max-width: 150px) 100vw, 150px\" \/><\/a>\n\t\t\t<\/div><\/figure><figure class='gallery-item'>\n\t\t\t<div class='gallery-icon landscape'>\n\t\t\t\t<a href='https:\/\/cicparaguay.org\/cic\/p1030502\/'><img width=\"150\" height=\"150\" src=\"https:\/\/cicparaguay.org\/cic\/wp-content\/uploads\/2016\/11\/P1030502-150x150.jpg\" class=\"attachment-thumbnail size-thumbnail\" alt=\"\" loading=\"lazy\" srcset=\"https:\/\/cicparaguay.org\/cic\/wp-content\/uploads\/2016\/11\/P1030502-150x150.jpg 150w, https:\/\/cicparaguay.org\/cic\/wp-content\/uploads\/2016\/11\/P1030502-73x73.jpg 73w, https:\/\/cicparaguay.org\/cic\/wp-content\/uploads\/2016\/11\/P1030502-174x174.jpg 174w, https:\/\/cicparaguay.org\/cic\/wp-content\/uploads\/2016\/11\/P1030502-250x250.jpg 250w\" sizes=\"(max-width: 150px) 100vw, 150px\" \/><\/a>\n\t\t\t<\/div><\/figure><figure class='gallery-item'>\n\t\t\t<div class='gallery-icon landscape'>\n\t\t\t\t<a href='https:\/\/cicparaguay.org\/cic\/p1030500\/'><img width=\"150\" height=\"150\" src=\"https:\/\/cicparaguay.org\/cic\/wp-content\/uploads\/2016\/11\/P1030500-150x150.jpg\" class=\"attachment-thumbnail size-thumbnail\" alt=\"\" loading=\"lazy\" srcset=\"https:\/\/cicparaguay.org\/cic\/wp-content\/uploads\/2016\/11\/P1030500-150x150.jpg 150w, https:\/\/cicparaguay.org\/cic\/wp-content\/uploads\/2016\/11\/P1030500-73x73.jpg 73w, https:\/\/cicparaguay.org\/cic\/wp-content\/uploads\/2016\/11\/P1030500-174x174.jpg 174w, https:\/\/cicparaguay.org\/cic\/wp-content\/uploads\/2016\/11\/P1030500-250x250.jpg 250w\" sizes=\"(max-width: 150px) 100vw, 150px\" \/><\/a>\n\t\t\t<\/div><\/figure><figure class='gallery-item'>\n\t\t\t<div class='gallery-icon landscape'>\n\t\t\t\t<a href='https:\/\/cicparaguay.org\/cic\/201598\/'><img width=\"150\" height=\"150\" src=\"https:\/\/cicparaguay.org\/cic\/wp-content\/uploads\/2016\/11\/201598-150x150.jpg\" class=\"attachment-thumbnail size-thumbnail\" alt=\"\" loading=\"lazy\" srcset=\"https:\/\/cicparaguay.org\/cic\/wp-content\/uploads\/2016\/11\/201598-150x150.jpg 150w, https:\/\/cicparaguay.org\/cic\/wp-content\/uploads\/2016\/11\/201598-73x73.jpg 73w, https:\/\/cicparaguay.org\/cic\/wp-content\/uploads\/2016\/11\/201598-174x174.jpg 174w, https:\/\/cicparaguay.org\/cic\/wp-content\/uploads\/2016\/11\/201598-250x250.jpg 250w\" sizes=\"(max-width: 150px) 100vw, 150px\" \/><\/a>\n\t\t\t<\/div><\/figure><figure class='gallery-item'>\n\t\t\t<div class='gallery-icon landscape'>\n\t\t\t\t<a href='https:\/\/cicparaguay.org\/cic\/kirito-3\/'><img width=\"150\" height=\"150\" src=\"https:\/\/cicparaguay.org\/cic\/wp-content\/uploads\/2016\/11\/Kirit\u00f3-3-150x150.jpg\" class=\"attachment-thumbnail size-thumbnail\" alt=\"\" loading=\"lazy\" srcset=\"https:\/\/cicparaguay.org\/cic\/wp-content\/uploads\/2016\/11\/Kirit\u00f3-3-150x150.jpg 150w, https:\/\/cicparaguay.org\/cic\/wp-content\/uploads\/2016\/11\/Kirit\u00f3-3-73x73.jpg 73w, https:\/\/cicparaguay.org\/cic\/wp-content\/uploads\/2016\/11\/Kirit\u00f3-3-174x174.jpg 174w, https:\/\/cicparaguay.org\/cic\/wp-content\/uploads\/2016\/11\/Kirit\u00f3-3-250x250.jpg 250w\" sizes=\"(max-width: 150px) 100vw, 150px\" \/><\/a>\n\t\t\t<\/div><\/figure>\n\t\t<\/div>\n\n","protected":false},"excerpt":{"rendered":"<p>La Misi\u00f3n ind\u00edgena en Alto Paran\u00e1 est\u00e1 funcionando desde 1994, para atender las necesidades sociales y de educaci\u00f3n de nuestros hermanos ind\u00edgenas \u00a0Ava Guarani y Mbya Guarani. Actualmente, en la zona de influencia existen m\u00e1s de 3.000 personas de todas las edades: ni\u00f1os, j\u00f3venes, adultos y adultos mayores, distribuidas en 38 comunidades. Entre la cobertura<a href=\"https:\/\/cicparaguay.org\/cic\/mision-indigena-alto-parana\/\">[&#8230;]<\/a><\/p>\n","protected":false},"author":1,"featured_media":91,"parent":0,"menu_order":0,"comment_status":"closed","ping_status":"closed","template":"","meta":[],"wppr_data":{"cwp_meta_box_check":"No"},"_links":{"self":[{"href":"https:\/\/cicparaguay.org\/cic\/wp-json\/wp\/v2\/pages\/168"}],"collection":[{"href":"https:\/\/cicparaguay.org\/cic\/wp-json\/wp\/v2\/pages"}],"about":[{"href":"https:\/\/cicparaguay.org\/cic\/wp-json\/wp\/v2\/types\/page"}],"author":[{"embeddable":true,"href":"https:\/\/cicparaguay.org\/cic\/wp-json\/wp\/v2\/users\/1"}],"replies":[{"embeddable":true,"href":"https:\/\/cicparaguay.org\/cic\/wp-json\/wp\/v2\/comments?post=168"}],"version-history":[{"count":8,"href":"https:\/\/cicparaguay.org\/cic\/wp-json\/wp\/v2\/pages\/168\/revisions"}],"predecessor-version":[{"id":291,"href":"https:\/\/cicparaguay.org\/cic\/wp-json\/wp\/v2\/pages\/168\/revisions\/291"}],"wp:featuredmedia":[{"embeddable":true,"href":"https:\/\/cicparaguay.org\/cic\/wp-json\/wp\/v2\/media\/91"}],"wp:attachment":[{"href":"https:\/\/cicparaguay.org\/cic\/wp-json\/wp\/v2\/media?parent=168"}],"curies":[{"name":"wp","href":"https:\/\/api.w.org\/{rel}","templated":true}]}}