{"id":154,"date":"2016-11-22T11:20:23","date_gmt":"2016-11-22T11:20:23","guid":{"rendered":"http:\/\/cicparaguay.org\/cic\/?page_id=154"},"modified":"2017-04-06T16:37:29","modified_gmt":"2017-04-06T16:37:29","slug":"coraly","status":"publish","type":"page","link":"https:\/\/cicparaguay.org\/cic\/coraly\/","title":{"rendered":"Coraly"},"content":{"rendered":"<p><strong>CASA DE FORMACI\u00d3N CORALY &#8211; PASTORAL DE LA \u00a0JUVENTUD EN CLAVE VOCACIONAL<\/strong><\/p>\n<p>Apertura: 16 de junio de 2004<\/p>\n<p>Su objetivo fue ser una comunidad dedicada a la formaci\u00f3n de las aspirantes y acoger a las j\u00f3venes vocacionadas. Adem\u00e1s acompa\u00f1ar la catequesis en la parroquia, llevar la comuni\u00f3n a los enfermos del barrio. Trabajo en el Colegio y en la salud alternativa Bio-Salud.<\/p>\n<div id='gallery-1' class='gallery galleryid-154 gallery-columns-3 gallery-size-thumbnail'><figure class='gallery-item'>\n\t\t\t<div class='gallery-icon landscape'>\n\t\t\t\t<a href='https:\/\/cicparaguay.org\/cic\/coraly\/whatsapp-image-2017-03-30-at-17-11-07\/'><img width=\"150\" height=\"150\" src=\"https:\/\/cicparaguay.org\/cic\/wp-content\/uploads\/2016\/11\/WhatsApp-Image-2017-03-30-at-17.11.07-150x150.jpeg\" class=\"attachment-thumbnail size-thumbnail\" alt=\"\" loading=\"lazy\" srcset=\"https:\/\/cicparaguay.org\/cic\/wp-content\/uploads\/2016\/11\/WhatsApp-Image-2017-03-30-at-17.11.07-150x150.jpeg 150w, https:\/\/cicparaguay.org\/cic\/wp-content\/uploads\/2016\/11\/WhatsApp-Image-2017-03-30-at-17.11.07-73x73.jpeg 73w, https:\/\/cicparaguay.org\/cic\/wp-content\/uploads\/2016\/11\/WhatsApp-Image-2017-03-30-at-17.11.07-174x174.jpeg 174w, https:\/\/cicparaguay.org\/cic\/wp-content\/uploads\/2016\/11\/WhatsApp-Image-2017-03-30-at-17.11.07-250x250.jpeg 250w\" sizes=\"(max-width: 150px) 100vw, 150px\" \/><\/a>\n\t\t\t<\/div><\/figure><figure class='gallery-item'>\n\t\t\t<div class='gallery-icon portrait'>\n\t\t\t\t<a href='https:\/\/cicparaguay.org\/cic\/coraly\/whatsapp-image-2017-03-30-at-17-11-37\/'><img width=\"150\" height=\"150\" src=\"https:\/\/cicparaguay.org\/cic\/wp-content\/uploads\/2016\/11\/WhatsApp-Image-2017-03-30-at-17.11.37-150x150.jpeg\" class=\"attachment-thumbnail size-thumbnail\" alt=\"\" loading=\"lazy\" srcset=\"https:\/\/cicparaguay.org\/cic\/wp-content\/uploads\/2016\/11\/WhatsApp-Image-2017-03-30-at-17.11.37-150x150.jpeg 150w, https:\/\/cicparaguay.org\/cic\/wp-content\/uploads\/2016\/11\/WhatsApp-Image-2017-03-30-at-17.11.37-73x73.jpeg 73w, https:\/\/cicparaguay.org\/cic\/wp-content\/uploads\/2016\/11\/WhatsApp-Image-2017-03-30-at-17.11.37-174x174.jpeg 174w, https:\/\/cicparaguay.org\/cic\/wp-content\/uploads\/2016\/11\/WhatsApp-Image-2017-03-30-at-17.11.37-250x250.jpeg 250w\" sizes=\"(max-width: 150px) 100vw, 150px\" \/><\/a>\n\t\t\t<\/div><\/figure><figure class='gallery-item'>\n\t\t\t<div class='gallery-icon portrait'>\n\t\t\t\t<a href='https:\/\/cicparaguay.org\/cic\/coraly\/whatsapp-image-2017-03-30-at-17-13-02\/'><img width=\"150\" height=\"150\" src=\"https:\/\/cicparaguay.org\/cic\/wp-content\/uploads\/2016\/11\/WhatsApp-Image-2017-03-30-at-17.13.02-150x150.jpeg\" class=\"attachment-thumbnail size-thumbnail\" alt=\"\" loading=\"lazy\" srcset=\"https:\/\/cicparaguay.org\/cic\/wp-content\/uploads\/2016\/11\/WhatsApp-Image-2017-03-30-at-17.13.02-150x150.jpeg 150w, https:\/\/cicparaguay.org\/cic\/wp-content\/uploads\/2016\/11\/WhatsApp-Image-2017-03-30-at-17.13.02-73x73.jpeg 73w, https:\/\/cicparaguay.org\/cic\/wp-content\/uploads\/2016\/11\/WhatsApp-Image-2017-03-30-at-17.13.02-174x174.jpeg 174w, https:\/\/cicparaguay.org\/cic\/wp-content\/uploads\/2016\/11\/WhatsApp-Image-2017-03-30-at-17.13.02-250x250.jpeg 250w\" sizes=\"(max-width: 150px) 100vw, 150px\" \/><\/a>\n\t\t\t<\/div><\/figure>\n\t\t<\/div>\n\n","protected":false},"excerpt":{"rendered":"<p>CASA DE FORMACI\u00d3N CORALY &#8211; PASTORAL DE LA \u00a0JUVENTUD EN CLAVE VOCACIONAL Apertura: 16 de junio de 2004 Su objetivo fue ser una comunidad dedicada a la formaci\u00f3n de las aspirantes y acoger a las j\u00f3venes vocacionadas. Adem\u00e1s acompa\u00f1ar la catequesis en la parroquia, llevar la comuni\u00f3n a los enfermos del barrio. Trabajo en el<a href=\"https:\/\/cicparaguay.org\/cic\/coraly\/\">[&#8230;]<\/a><\/p>\n","protected":false},"author":1,"featured_media":334,"parent":0,"menu_order":0,"comment_status":"closed","ping_status":"closed","template":"","meta":[],"wppr_data":{"cwp_meta_box_check":"No"},"_links":{"self":[{"href":"https:\/\/cicparaguay.org\/cic\/wp-json\/wp\/v2\/pages\/154"}],"collection":[{"href":"https:\/\/cicparaguay.org\/cic\/wp-json\/wp\/v2\/pages"}],"about":[{"href":"https:\/\/cicparaguay.org\/cic\/wp-json\/wp\/v2\/types\/page"}],"author":[{"embeddable":true,"href":"https:\/\/cicparaguay.org\/cic\/wp-json\/wp\/v2\/users\/1"}],"replies":[{"embeddable":true,"href":"https:\/\/cicparaguay.org\/cic\/wp-json\/wp\/v2\/comments?post=154"}],"version-history":[{"count":4,"href":"https:\/\/cicparaguay.org\/cic\/wp-json\/wp\/v2\/pages\/154\/revisions"}],"predecessor-version":[{"id":373,"href":"https:\/\/cicparaguay.org\/cic\/wp-json\/wp\/v2\/pages\/154\/revisions\/373"}],"wp:featuredmedia":[{"embeddable":true,"href":"https:\/\/cicparaguay.org\/cic\/wp-json\/wp\/v2\/media\/334"}],"wp:attachment":[{"href":"https:\/\/cicparaguay.org\/cic\/wp-json\/wp\/v2\/media?parent=154"}],"curies":[{"name":"wp","href":"https:\/\/api.w.org\/{rel}","templated":true}]}}