{"id":152,"date":"2016-11-22T11:19:13","date_gmt":"2016-11-22T11:19:13","guid":{"rendered":"http:\/\/cicparaguay.org\/cic\/?page_id=152"},"modified":"2017-06-08T13:55:11","modified_gmt":"2017-06-08T13:55:11","slug":"comunidad-emaus","status":"publish","type":"page","link":"https:\/\/cicparaguay.org\/cic\/comunidad-emaus\/","title":{"rendered":"Comunidad Ema\u00fas y COLL\u00c9GE DE  L\u2019 INMACUL\u00c9E CONCEPTION"},"content":{"rendered":"<ul>\n<li>Educaci\u00f3n.<\/li>\n<li>Proyectos Solidarios con proyecci\u00f3n comunitaria.<\/li>\n<li>Trabajo en la Parroquia San Pedro y San Pablo.<\/li>\n<li><strong>Fecha de fundaci\u00f3n<\/strong>: el 15 de marzo de 1960 en el barrio Pinosa, hoy \u00a0Bernardino Caballero. El cinco de septiembre de 1959 se bendijo la piedra fundamental. Preside la ceremonia Monse\u00f1or An\u00edbal Maricevich.Estuvieron presentes altas autoridades como el Presidente de la Rep\u00fablica con algunos Ministros. El Embajador de Francia y el Director de la Alianza Francesa\u00a0 y otros.La primera comunidad queda constituida de\n<ul>\n<li>Madre Manuela Fajardo, Superiora<\/li>\n<li>Victorina Santos Sousa, Directora<\/li>\n<li>Mar\u00eda Hermelinda Almada, Profesora de labor<\/li>\n<li>Mar\u00eda Leocadia Acosta, Ec\u00f3noma<\/li>\n<li>Pilar Mar\u00eda Massetto, Profesora de jard\u00edn.<\/li>\n<\/ul>\n<\/li>\n<li>La primera comunidad del Coll\u00e9ge de L\u00b4Immacul\u00e9e Conception se instal\u00f3 en dos aulas del Colegio. Viendo la necesidad urgente de ocupar esas aulas para los alumnos, la comunidad se traslad\u00f3 a la Casa Provincial por unos a\u00f1os. Luego se adquiri\u00f3 una casa para las hermanas donde puedan llevar una vida comunitaria m\u00e1s fraterna que favoreciera el enriquecimiento espiritual y pastoral del Colegio. Actualmente el colegio cuenta con numerosos j\u00f3venes y ni\u00f1os que se van formando con la espiritualidad de Santa Emilie.<\/li>\n<li><\/li>\n<li><img loading=\"lazy\" class=\"alignnone size-medium wp-image-377\" src=\"https:\/\/cicparaguay.org\/cic\/wp-content\/uploads\/2016\/11\/colegio-3-300x200.jpg\" alt=\"\" width=\"300\" height=\"200\" srcset=\"https:\/\/cicparaguay.org\/cic\/wp-content\/uploads\/2016\/11\/colegio-3-300x200.jpg 300w, https:\/\/cicparaguay.org\/cic\/wp-content\/uploads\/2016\/11\/colegio-3-768x512.jpg 768w, https:\/\/cicparaguay.org\/cic\/wp-content\/uploads\/2016\/11\/colegio-3-1024x682.jpg 1024w, https:\/\/cicparaguay.org\/cic\/wp-content\/uploads\/2016\/11\/colegio-3-750x500.jpg 750w, https:\/\/cicparaguay.org\/cic\/wp-content\/uploads\/2016\/11\/colegio-3-50x33.jpg 50w, https:\/\/cicparaguay.org\/cic\/wp-content\/uploads\/2016\/11\/colegio-3.jpg 1600w\" sizes=\"(max-width: 300px) 100vw, 300px\" \/><img loading=\"lazy\" class=\"alignnone size-medium wp-image-376\" src=\"https:\/\/cicparaguay.org\/cic\/wp-content\/uploads\/2016\/11\/colegio-2-300x200.jpg\" alt=\"\" width=\"300\" height=\"200\" srcset=\"https:\/\/cicparaguay.org\/cic\/wp-content\/uploads\/2016\/11\/colegio-2-300x200.jpg 300w, https:\/\/cicparaguay.org\/cic\/wp-content\/uploads\/2016\/11\/colegio-2-768x512.jpg 768w, https:\/\/cicparaguay.org\/cic\/wp-content\/uploads\/2016\/11\/colegio-2-1024x682.jpg 1024w, https:\/\/cicparaguay.org\/cic\/wp-content\/uploads\/2016\/11\/colegio-2-750x500.jpg 750w, https:\/\/cicparaguay.org\/cic\/wp-content\/uploads\/2016\/11\/colegio-2-50x33.jpg 50w, https:\/\/cicparaguay.org\/cic\/wp-content\/uploads\/2016\/11\/colegio-2.jpg 1600w\" sizes=\"(max-width: 300px) 100vw, 300px\" \/><\/li>\n<li><img loading=\"lazy\" class=\"alignnone size-medium wp-image-375\" src=\"https:\/\/cicparaguay.org\/cic\/wp-content\/uploads\/2016\/11\/colegio-1-300x200.jpg\" alt=\"\" width=\"300\" height=\"200\" srcset=\"https:\/\/cicparaguay.org\/cic\/wp-content\/uploads\/2016\/11\/colegio-1-300x200.jpg 300w, https:\/\/cicparaguay.org\/cic\/wp-content\/uploads\/2016\/11\/colegio-1-768x512.jpg 768w, https:\/\/cicparaguay.org\/cic\/wp-content\/uploads\/2016\/11\/colegio-1-1024x682.jpg 1024w, https:\/\/cicparaguay.org\/cic\/wp-content\/uploads\/2016\/11\/colegio-1-750x500.jpg 750w, https:\/\/cicparaguay.org\/cic\/wp-content\/uploads\/2016\/11\/colegio-1-50x33.jpg 50w, https:\/\/cicparaguay.org\/cic\/wp-content\/uploads\/2016\/11\/colegio-1.jpg 1600w\" sizes=\"(max-width: 300px) 100vw, 300px\" \/><img loading=\"lazy\" class=\"alignnone size-medium wp-image-378\" src=\"https:\/\/cicparaguay.org\/cic\/wp-content\/uploads\/2016\/11\/colegio-2017-300x200.jpg\" alt=\"\" width=\"300\" height=\"200\" srcset=\"https:\/\/cicparaguay.org\/cic\/wp-content\/uploads\/2016\/11\/colegio-2017-300x200.jpg 300w, https:\/\/cicparaguay.org\/cic\/wp-content\/uploads\/2016\/11\/colegio-2017-768x512.jpg 768w, https:\/\/cicparaguay.org\/cic\/wp-content\/uploads\/2016\/11\/colegio-2017-1024x682.jpg 1024w, https:\/\/cicparaguay.org\/cic\/wp-content\/uploads\/2016\/11\/colegio-2017-750x500.jpg 750w, https:\/\/cicparaguay.org\/cic\/wp-content\/uploads\/2016\/11\/colegio-2017-50x33.jpg 50w, https:\/\/cicparaguay.org\/cic\/wp-content\/uploads\/2016\/11\/colegio-2017.jpg 1600w\" sizes=\"(max-width: 300px) 100vw, 300px\" \/><\/li>\n<\/ul>\n<p>&nbsp;<\/p>\n<div id='gallery-1' class='gallery galleryid-152 gallery-columns-3 gallery-size-thumbnail'><figure class='gallery-item'>\n\t\t\t<div class='gallery-icon portrait'>\n\t\t\t\t<a href='https:\/\/cicparaguay.org\/cic\/caacupemi\/img-20170427-wa0024\/'><img width=\"150\" height=\"150\" src=\"https:\/\/cicparaguay.org\/cic\/wp-content\/uploads\/2016\/11\/IMG-20170427-WA0024-150x150.jpg\" class=\"attachment-thumbnail size-thumbnail\" alt=\"\" loading=\"lazy\" srcset=\"https:\/\/cicparaguay.org\/cic\/wp-content\/uploads\/2016\/11\/IMG-20170427-WA0024-150x150.jpg 150w, https:\/\/cicparaguay.org\/cic\/wp-content\/uploads\/2016\/11\/IMG-20170427-WA0024-73x73.jpg 73w, https:\/\/cicparaguay.org\/cic\/wp-content\/uploads\/2016\/11\/IMG-20170427-WA0024-174x174.jpg 174w, https:\/\/cicparaguay.org\/cic\/wp-content\/uploads\/2016\/11\/IMG-20170427-WA0024-250x250.jpg 250w\" sizes=\"(max-width: 150px) 100vw, 150px\" \/><\/a>\n\t\t\t<\/div><\/figure><figure class='gallery-item'>\n\t\t\t<div class='gallery-icon landscape'>\n\t\t\t\t<a href='https:\/\/cicparaguay.org\/cic\/caacupemi\/img-20170427-wa0016\/'><img width=\"150\" height=\"150\" src=\"https:\/\/cicparaguay.org\/cic\/wp-content\/uploads\/2016\/11\/IMG-20170427-WA0016-150x150.jpg\" class=\"attachment-thumbnail size-thumbnail\" alt=\"\" loading=\"lazy\" srcset=\"https:\/\/cicparaguay.org\/cic\/wp-content\/uploads\/2016\/11\/IMG-20170427-WA0016-150x150.jpg 150w, https:\/\/cicparaguay.org\/cic\/wp-content\/uploads\/2016\/11\/IMG-20170427-WA0016-73x73.jpg 73w, https:\/\/cicparaguay.org\/cic\/wp-content\/uploads\/2016\/11\/IMG-20170427-WA0016-174x174.jpg 174w, https:\/\/cicparaguay.org\/cic\/wp-content\/uploads\/2016\/11\/IMG-20170427-WA0016-250x250.jpg 250w\" sizes=\"(max-width: 150px) 100vw, 150px\" \/><\/a>\n\t\t\t<\/div><\/figure><figure class='gallery-item'>\n\t\t\t<div class='gallery-icon landscape'>\n\t\t\t\t<a href='https:\/\/cicparaguay.org\/cic\/caacupemi\/img-20170427-wa0010\/'><img width=\"150\" height=\"150\" src=\"https:\/\/cicparaguay.org\/cic\/wp-content\/uploads\/2016\/11\/IMG-20170427-WA0010-150x150.jpg\" class=\"attachment-thumbnail size-thumbnail\" alt=\"\" loading=\"lazy\" srcset=\"https:\/\/cicparaguay.org\/cic\/wp-content\/uploads\/2016\/11\/IMG-20170427-WA0010-150x150.jpg 150w, https:\/\/cicparaguay.org\/cic\/wp-content\/uploads\/2016\/11\/IMG-20170427-WA0010-73x73.jpg 73w, https:\/\/cicparaguay.org\/cic\/wp-content\/uploads\/2016\/11\/IMG-20170427-WA0010-174x174.jpg 174w, https:\/\/cicparaguay.org\/cic\/wp-content\/uploads\/2016\/11\/IMG-20170427-WA0010-250x250.jpg 250w\" sizes=\"(max-width: 150px) 100vw, 150px\" \/><\/a>\n\t\t\t<\/div><\/figure><figure class='gallery-item'>\n\t\t\t<div class='gallery-icon portrait'>\n\t\t\t\t<a href='https:\/\/cicparaguay.org\/cic\/caacupemi\/img-20170427-wa0005\/'><img width=\"150\" height=\"150\" src=\"https:\/\/cicparaguay.org\/cic\/wp-content\/uploads\/2016\/11\/IMG-20170427-WA0005-150x150.jpg\" class=\"attachment-thumbnail size-thumbnail\" alt=\"\" loading=\"lazy\" srcset=\"https:\/\/cicparaguay.org\/cic\/wp-content\/uploads\/2016\/11\/IMG-20170427-WA0005-150x150.jpg 150w, https:\/\/cicparaguay.org\/cic\/wp-content\/uploads\/2016\/11\/IMG-20170427-WA0005-73x73.jpg 73w, https:\/\/cicparaguay.org\/cic\/wp-content\/uploads\/2016\/11\/IMG-20170427-WA0005-174x174.jpg 174w, https:\/\/cicparaguay.org\/cic\/wp-content\/uploads\/2016\/11\/IMG-20170427-WA0005-250x250.jpg 250w\" sizes=\"(max-width: 150px) 100vw, 150px\" \/><\/a>\n\t\t\t<\/div><\/figure>\n\t\t<\/div>\n\n","protected":false},"excerpt":{"rendered":"<p>Educaci\u00f3n. Proyectos Solidarios con proyecci\u00f3n comunitaria. Trabajo en la Parroquia San Pedro y San Pablo. Fecha de fundaci\u00f3n: el 15 de marzo de 1960 en el barrio Pinosa, hoy \u00a0Bernardino Caballero. El cinco de septiembre de 1959 se bendijo la piedra fundamental. Preside la ceremonia Monse\u00f1or An\u00edbal Maricevich.Estuvieron presentes altas autoridades como el Presidente de<a href=\"https:\/\/cicparaguay.org\/cic\/comunidad-emaus\/\">[&#8230;]<\/a><\/p>\n","protected":false},"author":1,"featured_media":378,"parent":0,"menu_order":0,"comment_status":"closed","ping_status":"closed","template":"","meta":[],"wppr_data":{"cwp_meta_box_check":"No"},"_links":{"self":[{"href":"https:\/\/cicparaguay.org\/cic\/wp-json\/wp\/v2\/pages\/152"}],"collection":[{"href":"https:\/\/cicparaguay.org\/cic\/wp-json\/wp\/v2\/pages"}],"about":[{"href":"https:\/\/cicparaguay.org\/cic\/wp-json\/wp\/v2\/types\/page"}],"author":[{"embeddable":true,"href":"https:\/\/cicparaguay.org\/cic\/wp-json\/wp\/v2\/users\/1"}],"replies":[{"embeddable":true,"href":"https:\/\/cicparaguay.org\/cic\/wp-json\/wp\/v2\/comments?post=152"}],"version-history":[{"count":13,"href":"https:\/\/cicparaguay.org\/cic\/wp-json\/wp\/v2\/pages\/152\/revisions"}],"predecessor-version":[{"id":580,"href":"https:\/\/cicparaguay.org\/cic\/wp-json\/wp\/v2\/pages\/152\/revisions\/580"}],"wp:featuredmedia":[{"embeddable":true,"href":"https:\/\/cicparaguay.org\/cic\/wp-json\/wp\/v2\/media\/378"}],"wp:attachment":[{"href":"https:\/\/cicparaguay.org\/cic\/wp-json\/wp\/v2\/media?parent=152"}],"curies":[{"name":"wp","href":"https:\/\/api.w.org\/{rel}","templated":true}]}}