{"id":148,"date":"2016-11-22T11:05:39","date_gmt":"2016-11-22T11:05:39","guid":{"rendered":"http:\/\/cicparaguay.org\/cic\/?page_id=148"},"modified":"2016-11-23T18:18:41","modified_gmt":"2016-11-23T18:18:41","slug":"saladillo","status":"publish","type":"page","link":"https:\/\/cicparaguay.org\/cic\/saladillo\/","title":{"rendered":"Saladillo"},"content":{"rendered":"<p>El Centro de Formaci\u00f3n Integral &#8220;Irene Card\u00fas&#8221; fue habilitado en 1944 para j\u00f3venes \u00a0de escasos recursos de la zona norte del pa\u00eds. Actualmente alberga 50 j\u00f3venes de diferentes lugares del pa\u00eds.<\/p>\n<ul>\n<li>Educaci\u00f3n<\/li>\n<\/ul>\n<div id='gallery-1' class='gallery galleryid-148 gallery-columns-3 gallery-size-thumbnail'><figure class='gallery-item'>\n\t\t\t<div class='gallery-icon landscape'>\n\t\t\t\t<a href='https:\/\/cicparaguay.org\/cic\/20160215_163805-2\/'><img width=\"150\" height=\"150\" src=\"https:\/\/cicparaguay.org\/cic\/wp-content\/uploads\/2016\/11\/20160215_163805-1-150x150.jpg\" class=\"attachment-thumbnail size-thumbnail\" alt=\"\" loading=\"lazy\" srcset=\"https:\/\/cicparaguay.org\/cic\/wp-content\/uploads\/2016\/11\/20160215_163805-1-150x150.jpg 150w, https:\/\/cicparaguay.org\/cic\/wp-content\/uploads\/2016\/11\/20160215_163805-1-73x73.jpg 73w, https:\/\/cicparaguay.org\/cic\/wp-content\/uploads\/2016\/11\/20160215_163805-1-174x174.jpg 174w, https:\/\/cicparaguay.org\/cic\/wp-content\/uploads\/2016\/11\/20160215_163805-1-250x250.jpg 250w\" sizes=\"(max-width: 150px) 100vw, 150px\" \/><\/a>\n\t\t\t<\/div><\/figure><figure class='gallery-item'>\n\t\t\t<div class='gallery-icon landscape'>\n\t\t\t\t<a href='https:\/\/cicparaguay.org\/cic\/20160215_163408\/'><img width=\"150\" height=\"150\" src=\"https:\/\/cicparaguay.org\/cic\/wp-content\/uploads\/2016\/11\/20160215_163408-150x150.jpg\" class=\"attachment-thumbnail size-thumbnail\" alt=\"\" loading=\"lazy\" srcset=\"https:\/\/cicparaguay.org\/cic\/wp-content\/uploads\/2016\/11\/20160215_163408-150x150.jpg 150w, https:\/\/cicparaguay.org\/cic\/wp-content\/uploads\/2016\/11\/20160215_163408-73x73.jpg 73w, https:\/\/cicparaguay.org\/cic\/wp-content\/uploads\/2016\/11\/20160215_163408-174x174.jpg 174w, https:\/\/cicparaguay.org\/cic\/wp-content\/uploads\/2016\/11\/20160215_163408-250x250.jpg 250w\" sizes=\"(max-width: 150px) 100vw, 150px\" \/><\/a>\n\t\t\t<\/div><\/figure><figure class='gallery-item'>\n\t\t\t<div class='gallery-icon landscape'>\n\t\t\t\t<a href='https:\/\/cicparaguay.org\/cic\/20160215_163402\/'><img width=\"150\" height=\"150\" src=\"https:\/\/cicparaguay.org\/cic\/wp-content\/uploads\/2016\/11\/20160215_163402-150x150.jpg\" class=\"attachment-thumbnail size-thumbnail\" alt=\"\" loading=\"lazy\" srcset=\"https:\/\/cicparaguay.org\/cic\/wp-content\/uploads\/2016\/11\/20160215_163402-150x150.jpg 150w, https:\/\/cicparaguay.org\/cic\/wp-content\/uploads\/2016\/11\/20160215_163402-73x73.jpg 73w, https:\/\/cicparaguay.org\/cic\/wp-content\/uploads\/2016\/11\/20160215_163402-174x174.jpg 174w, https:\/\/cicparaguay.org\/cic\/wp-content\/uploads\/2016\/11\/20160215_163402-250x250.jpg 250w\" sizes=\"(max-width: 150px) 100vw, 150px\" \/><\/a>\n\t\t\t<\/div><\/figure><figure class='gallery-item'>\n\t\t\t<div class='gallery-icon landscape'>\n\t\t\t\t<a href='https:\/\/cicparaguay.org\/cic\/20160215_163815\/'><img width=\"150\" height=\"150\" src=\"https:\/\/cicparaguay.org\/cic\/wp-content\/uploads\/2016\/11\/20160215_163815-150x150.jpg\" class=\"attachment-thumbnail size-thumbnail\" alt=\"\" loading=\"lazy\" srcset=\"https:\/\/cicparaguay.org\/cic\/wp-content\/uploads\/2016\/11\/20160215_163815-150x150.jpg 150w, https:\/\/cicparaguay.org\/cic\/wp-content\/uploads\/2016\/11\/20160215_163815-73x73.jpg 73w, https:\/\/cicparaguay.org\/cic\/wp-content\/uploads\/2016\/11\/20160215_163815-174x174.jpg 174w, https:\/\/cicparaguay.org\/cic\/wp-content\/uploads\/2016\/11\/20160215_163815-250x250.jpg 250w\" sizes=\"(max-width: 150px) 100vw, 150px\" \/><\/a>\n\t\t\t<\/div><\/figure><figure class='gallery-item'>\n\t\t\t<div class='gallery-icon landscape'>\n\t\t\t\t<a href='https:\/\/cicparaguay.org\/cic\/20160215_163810\/'><img width=\"150\" height=\"150\" src=\"https:\/\/cicparaguay.org\/cic\/wp-content\/uploads\/2016\/11\/20160215_163810-150x150.jpg\" class=\"attachment-thumbnail size-thumbnail\" alt=\"\" loading=\"lazy\" srcset=\"https:\/\/cicparaguay.org\/cic\/wp-content\/uploads\/2016\/11\/20160215_163810-150x150.jpg 150w, https:\/\/cicparaguay.org\/cic\/wp-content\/uploads\/2016\/11\/20160215_163810-73x73.jpg 73w, https:\/\/cicparaguay.org\/cic\/wp-content\/uploads\/2016\/11\/20160215_163810-174x174.jpg 174w, https:\/\/cicparaguay.org\/cic\/wp-content\/uploads\/2016\/11\/20160215_163810-250x250.jpg 250w\" sizes=\"(max-width: 150px) 100vw, 150px\" \/><\/a>\n\t\t\t<\/div><\/figure><figure class='gallery-item'>\n\t\t\t<div class='gallery-icon landscape'>\n\t\t\t\t<a href='https:\/\/cicparaguay.org\/cic\/20160115_101222\/'><img width=\"150\" height=\"150\" src=\"https:\/\/cicparaguay.org\/cic\/wp-content\/uploads\/2016\/11\/20160115_101222-150x150.jpg\" class=\"attachment-thumbnail size-thumbnail\" alt=\"\" loading=\"lazy\" srcset=\"https:\/\/cicparaguay.org\/cic\/wp-content\/uploads\/2016\/11\/20160115_101222-150x150.jpg 150w, https:\/\/cicparaguay.org\/cic\/wp-content\/uploads\/2016\/11\/20160115_101222-73x73.jpg 73w, https:\/\/cicparaguay.org\/cic\/wp-content\/uploads\/2016\/11\/20160115_101222-174x174.jpg 174w, https:\/\/cicparaguay.org\/cic\/wp-content\/uploads\/2016\/11\/20160115_101222-250x250.jpg 250w\" sizes=\"(max-width: 150px) 100vw, 150px\" \/><\/a>\n\t\t\t<\/div><\/figure><figure class='gallery-item'>\n\t\t\t<div class='gallery-icon landscape'>\n\t\t\t\t<a href='https:\/\/cicparaguay.org\/cic\/20160115_101145\/'><img width=\"150\" height=\"150\" src=\"https:\/\/cicparaguay.org\/cic\/wp-content\/uploads\/2016\/11\/20160115_101145-150x150.jpg\" class=\"attachment-thumbnail size-thumbnail\" alt=\"\" loading=\"lazy\" srcset=\"https:\/\/cicparaguay.org\/cic\/wp-content\/uploads\/2016\/11\/20160115_101145-150x150.jpg 150w, https:\/\/cicparaguay.org\/cic\/wp-content\/uploads\/2016\/11\/20160115_101145-73x73.jpg 73w, https:\/\/cicparaguay.org\/cic\/wp-content\/uploads\/2016\/11\/20160115_101145-174x174.jpg 174w, https:\/\/cicparaguay.org\/cic\/wp-content\/uploads\/2016\/11\/20160115_101145-250x250.jpg 250w\" sizes=\"(max-width: 150px) 100vw, 150px\" \/><\/a>\n\t\t\t<\/div><\/figure>\n\t\t<\/div>\n\n<ul>\n<li>Internado<\/li>\n<li>Producci\u00f3n: (Ganader\u00eda, Granja, Campo)<\/li>\n<li>Horticultura<\/li>\n<\/ul>\n<p><img loading=\"lazy\" class=\"alignnone size-medium wp-image-231\" src=\"https:\/\/cicparaguay.org\/cic\/wp-content\/uploads\/2016\/11\/20160415_080206-225x300.jpg\" alt=\"20160415_080206\" width=\"225\" height=\"300\" srcset=\"https:\/\/cicparaguay.org\/cic\/wp-content\/uploads\/2016\/11\/20160415_080206-225x300.jpg 225w, https:\/\/cicparaguay.org\/cic\/wp-content\/uploads\/2016\/11\/20160415_080206-768x1024.jpg 768w, https:\/\/cicparaguay.org\/cic\/wp-content\/uploads\/2016\/11\/20160415_080206-38x50.jpg 38w, https:\/\/cicparaguay.org\/cic\/wp-content\/uploads\/2016\/11\/20160415_080206.jpg 1920w\" sizes=\"(max-width: 225px) 100vw, 225px\" \/> <img loading=\"lazy\" class=\"alignnone size-medium wp-image-236\" src=\"https:\/\/cicparaguay.org\/cic\/wp-content\/uploads\/2016\/11\/20160128_133335-225x300.jpg\" alt=\"20160128_133335\" width=\"225\" height=\"300\" srcset=\"https:\/\/cicparaguay.org\/cic\/wp-content\/uploads\/2016\/11\/20160128_133335-225x300.jpg 225w, https:\/\/cicparaguay.org\/cic\/wp-content\/uploads\/2016\/11\/20160128_133335-768x1024.jpg 768w, https:\/\/cicparaguay.org\/cic\/wp-content\/uploads\/2016\/11\/20160128_133335-38x50.jpg 38w, https:\/\/cicparaguay.org\/cic\/wp-content\/uploads\/2016\/11\/20160128_133335.jpg 1920w\" sizes=\"(max-width: 225px) 100vw, 225px\" \/> <img loading=\"lazy\" class=\"alignnone size-medium wp-image-235\" src=\"https:\/\/cicparaguay.org\/cic\/wp-content\/uploads\/2016\/11\/20160128_133330-225x300.jpg\" alt=\"20160128_133330\" width=\"225\" height=\"300\" srcset=\"https:\/\/cicparaguay.org\/cic\/wp-content\/uploads\/2016\/11\/20160128_133330-225x300.jpg 225w, https:\/\/cicparaguay.org\/cic\/wp-content\/uploads\/2016\/11\/20160128_133330-768x1024.jpg 768w, https:\/\/cicparaguay.org\/cic\/wp-content\/uploads\/2016\/11\/20160128_133330-38x50.jpg 38w, https:\/\/cicparaguay.org\/cic\/wp-content\/uploads\/2016\/11\/20160128_133330.jpg 1920w\" sizes=\"(max-width: 225px) 100vw, 225px\" \/> <img loading=\"lazy\" class=\"alignnone size-medium wp-image-234\" src=\"https:\/\/cicparaguay.org\/cic\/wp-content\/uploads\/2016\/11\/20160405_100346-300x225.jpg\" alt=\"20160405_100346\" width=\"300\" height=\"225\" srcset=\"https:\/\/cicparaguay.org\/cic\/wp-content\/uploads\/2016\/11\/20160405_100346-300x225.jpg 300w, https:\/\/cicparaguay.org\/cic\/wp-content\/uploads\/2016\/11\/20160405_100346-768x576.jpg 768w, https:\/\/cicparaguay.org\/cic\/wp-content\/uploads\/2016\/11\/20160405_100346-1024x768.jpg 1024w, https:\/\/cicparaguay.org\/cic\/wp-content\/uploads\/2016\/11\/20160405_100346-285x214.jpg 285w, https:\/\/cicparaguay.org\/cic\/wp-content\/uploads\/2016\/11\/20160405_100346-50x38.jpg 50w\" sizes=\"(max-width: 300px) 100vw, 300px\" \/> <img loading=\"lazy\" class=\"alignnone size-medium wp-image-233\" src=\"https:\/\/cicparaguay.org\/cic\/wp-content\/uploads\/2016\/11\/20160405_100332-300x225.jpg\" alt=\"20160405_100332\" width=\"300\" height=\"225\" srcset=\"https:\/\/cicparaguay.org\/cic\/wp-content\/uploads\/2016\/11\/20160405_100332-300x225.jpg 300w, https:\/\/cicparaguay.org\/cic\/wp-content\/uploads\/2016\/11\/20160405_100332-768x576.jpg 768w, https:\/\/cicparaguay.org\/cic\/wp-content\/uploads\/2016\/11\/20160405_100332-1024x768.jpg 1024w, https:\/\/cicparaguay.org\/cic\/wp-content\/uploads\/2016\/11\/20160405_100332-285x214.jpg 285w, https:\/\/cicparaguay.org\/cic\/wp-content\/uploads\/2016\/11\/20160405_100332-50x38.jpg 50w\" sizes=\"(max-width: 300px) 100vw, 300px\" \/> <img loading=\"lazy\" class=\"alignnone size-medium wp-image-232\" src=\"https:\/\/cicparaguay.org\/cic\/wp-content\/uploads\/2016\/11\/20160405_100235-225x300.jpg\" alt=\"20160405_100235\" width=\"225\" height=\"300\" srcset=\"https:\/\/cicparaguay.org\/cic\/wp-content\/uploads\/2016\/11\/20160405_100235-225x300.jpg 225w, https:\/\/cicparaguay.org\/cic\/wp-content\/uploads\/2016\/11\/20160405_100235-768x1024.jpg 768w, https:\/\/cicparaguay.org\/cic\/wp-content\/uploads\/2016\/11\/20160405_100235-38x50.jpg 38w, https:\/\/cicparaguay.org\/cic\/wp-content\/uploads\/2016\/11\/20160405_100235.jpg 1920w\" sizes=\"(max-width: 225px) 100vw, 225px\" \/> <img loading=\"lazy\" class=\"alignnone size-medium wp-image-230\" src=\"https:\/\/cicparaguay.org\/cic\/wp-content\/uploads\/2016\/11\/20160415_080341-300x225.jpg\" alt=\"20160415_080341\" width=\"300\" height=\"225\" srcset=\"https:\/\/cicparaguay.org\/cic\/wp-content\/uploads\/2016\/11\/20160415_080341-300x225.jpg 300w, https:\/\/cicparaguay.org\/cic\/wp-content\/uploads\/2016\/11\/20160415_080341-768x576.jpg 768w, https:\/\/cicparaguay.org\/cic\/wp-content\/uploads\/2016\/11\/20160415_080341-1024x768.jpg 1024w, https:\/\/cicparaguay.org\/cic\/wp-content\/uploads\/2016\/11\/20160415_080341-285x214.jpg 285w, https:\/\/cicparaguay.org\/cic\/wp-content\/uploads\/2016\/11\/20160415_080341-50x38.jpg 50w\" sizes=\"(max-width: 300px) 100vw, 300px\" \/> <img loading=\"lazy\" class=\"alignnone size-medium wp-image-241\" src=\"https:\/\/cicparaguay.org\/cic\/wp-content\/uploads\/2016\/11\/20160930_143619-300x225.jpg\" alt=\"20160930_143619\" width=\"300\" height=\"225\" srcset=\"https:\/\/cicparaguay.org\/cic\/wp-content\/uploads\/2016\/11\/20160930_143619-300x225.jpg 300w, https:\/\/cicparaguay.org\/cic\/wp-content\/uploads\/2016\/11\/20160930_143619-768x576.jpg 768w, https:\/\/cicparaguay.org\/cic\/wp-content\/uploads\/2016\/11\/20160930_143619-1024x768.jpg 1024w, https:\/\/cicparaguay.org\/cic\/wp-content\/uploads\/2016\/11\/20160930_143619-285x214.jpg 285w, https:\/\/cicparaguay.org\/cic\/wp-content\/uploads\/2016\/11\/20160930_143619-50x38.jpg 50w\" sizes=\"(max-width: 300px) 100vw, 300px\" \/> <img loading=\"lazy\" class=\"alignnone size-medium wp-image-240\" src=\"https:\/\/cicparaguay.org\/cic\/wp-content\/uploads\/2016\/11\/20160930_142158-225x300.jpg\" alt=\"20160930_142158\" width=\"225\" height=\"300\" srcset=\"https:\/\/cicparaguay.org\/cic\/wp-content\/uploads\/2016\/11\/20160930_142158-225x300.jpg 225w, https:\/\/cicparaguay.org\/cic\/wp-content\/uploads\/2016\/11\/20160930_142158-768x1024.jpg 768w, https:\/\/cicparaguay.org\/cic\/wp-content\/uploads\/2016\/11\/20160930_142158-38x50.jpg 38w, https:\/\/cicparaguay.org\/cic\/wp-content\/uploads\/2016\/11\/20160930_142158.jpg 1920w\" sizes=\"(max-width: 225px) 100vw, 225px\" \/> <img loading=\"lazy\" class=\"alignnone size-medium wp-image-239\" src=\"https:\/\/cicparaguay.org\/cic\/wp-content\/uploads\/2016\/11\/20160930_140832-copia-225x300.jpg\" alt=\"20160930_140832-copia\" width=\"225\" height=\"300\" srcset=\"https:\/\/cicparaguay.org\/cic\/wp-content\/uploads\/2016\/11\/20160930_140832-copia-225x300.jpg 225w, https:\/\/cicparaguay.org\/cic\/wp-content\/uploads\/2016\/11\/20160930_140832-copia-768x1024.jpg 768w, https:\/\/cicparaguay.org\/cic\/wp-content\/uploads\/2016\/11\/20160930_140832-copia-38x50.jpg 38w, https:\/\/cicparaguay.org\/cic\/wp-content\/uploads\/2016\/11\/20160930_140832-copia.jpg 1920w\" sizes=\"(max-width: 225px) 100vw, 225px\" \/> <img loading=\"lazy\" class=\"alignnone size-medium wp-image-238\" src=\"https:\/\/cicparaguay.org\/cic\/wp-content\/uploads\/2016\/11\/20160930_143619-copia-300x225.jpg\" alt=\"20160930_143619-copia\" width=\"300\" height=\"225\" srcset=\"https:\/\/cicparaguay.org\/cic\/wp-content\/uploads\/2016\/11\/20160930_143619-copia-300x225.jpg 300w, https:\/\/cicparaguay.org\/cic\/wp-content\/uploads\/2016\/11\/20160930_143619-copia-768x576.jpg 768w, https:\/\/cicparaguay.org\/cic\/wp-content\/uploads\/2016\/11\/20160930_143619-copia-1024x768.jpg 1024w, https:\/\/cicparaguay.org\/cic\/wp-content\/uploads\/2016\/11\/20160930_143619-copia-285x214.jpg 285w, https:\/\/cicparaguay.org\/cic\/wp-content\/uploads\/2016\/11\/20160930_143619-copia-50x38.jpg 50w\" sizes=\"(max-width: 300px) 100vw, 300px\" \/> <img loading=\"lazy\" class=\"alignnone size-medium wp-image-237\" src=\"https:\/\/cicparaguay.org\/cic\/wp-content\/uploads\/2016\/11\/20160128_133643-225x300.jpg\" alt=\"20160128_133643\" width=\"225\" height=\"300\" srcset=\"https:\/\/cicparaguay.org\/cic\/wp-content\/uploads\/2016\/11\/20160128_133643-225x300.jpg 225w, https:\/\/cicparaguay.org\/cic\/wp-content\/uploads\/2016\/11\/20160128_133643-768x1024.jpg 768w, https:\/\/cicparaguay.org\/cic\/wp-content\/uploads\/2016\/11\/20160128_133643-38x50.jpg 38w, https:\/\/cicparaguay.org\/cic\/wp-content\/uploads\/2016\/11\/20160128_133643.jpg 1920w\" sizes=\"(max-width: 225px) 100vw, 225px\" \/> <img loading=\"lazy\" class=\"alignnone size-medium wp-image-242\" src=\"https:\/\/cicparaguay.org\/cic\/wp-content\/uploads\/2016\/11\/20160930_140917-225x300.jpg\" alt=\"20160930_140917\" width=\"225\" height=\"300\" srcset=\"https:\/\/cicparaguay.org\/cic\/wp-content\/uploads\/2016\/11\/20160930_140917-225x300.jpg 225w, https:\/\/cicparaguay.org\/cic\/wp-content\/uploads\/2016\/11\/20160930_140917-768x1024.jpg 768w, https:\/\/cicparaguay.org\/cic\/wp-content\/uploads\/2016\/11\/20160930_140917-38x50.jpg 38w, https:\/\/cicparaguay.org\/cic\/wp-content\/uploads\/2016\/11\/20160930_140917.jpg 1920w\" sizes=\"(max-width: 225px) 100vw, 225px\" \/><\/p>\n<div id=\"attachment_271\" style=\"width: 235px\" class=\"wp-caption alignnone\"><img aria-describedby=\"caption-attachment-271\" loading=\"lazy\" class=\"wp-image-271 size-medium\" src=\"https:\/\/cicparaguay.org\/cic\/wp-content\/uploads\/2016\/11\/20160128_133649-1-225x300.jpg\" alt=\"20160128_133649\" width=\"225\" height=\"300\" srcset=\"https:\/\/cicparaguay.org\/cic\/wp-content\/uploads\/2016\/11\/20160128_133649-1-225x300.jpg 225w, https:\/\/cicparaguay.org\/cic\/wp-content\/uploads\/2016\/11\/20160128_133649-1-768x1024.jpg 768w, https:\/\/cicparaguay.org\/cic\/wp-content\/uploads\/2016\/11\/20160128_133649-1-38x50.jpg 38w, https:\/\/cicparaguay.org\/cic\/wp-content\/uploads\/2016\/11\/20160128_133649-1.jpg 1920w\" sizes=\"(max-width: 225px) 100vw, 225px\" \/><p id=\"caption-attachment-271\" class=\"wp-caption-text\">PLANTACI\u00d3N DE POROTO<\/p><\/div>\n<p>&nbsp;<\/p>\n<p>&nbsp;<\/p>\n            <script type=\"text\/javascript\">\r\n                jQuery(document).ready(function ($) {\r\n                    var wgm_map = new google.maps.Map(document.getElementById(\"srm_gmp_embed_1\"), {\r\n                        center: new google.maps.LatLng(-23.3536608,-57.4303553),\r\n                        zoom:13,\r\n                        mapTypeId: google.maps.MapTypeId.HYBRID,\r\n                        scrollwheel: 1,\r\n                        zoomControl: 1,\r\n                        mapTypeControl: 1,\r\n                        streetViewControl: 1,\r\n                        fullscreenControl: 1,\r\n                        draggable: 1,\r\n                        disableDoubleClickZoom: 0,\r\n                        panControl: 1\r\n                    });\r\n                    \/\/ To view directions form and data\r\n                                        var wgm_data_1 = {\r\n                        'action': 'wpgmapembed_get_markers_by_map_id',\r\n                        'data': {\r\n                            map_id: '209',\r\n                            ajax_nonce: '41297e2740'\r\n                        }\r\n                    };\r\n                    var wgm_ajaxurl_1 = 'https:\/\/cicparaguay.org\/cic\/wp-admin\/admin-ajax.php'\r\n                    jQuery.post(wgm_ajaxurl_1, wgm_data_1, function (response) {\r\n                        response = JSON.parse(response);\r\n                        if (response.markers.length === 1) {\r\n                            var wgm_marker_to_1 = response.markers[0].marker_desc.replace(\/&gt;\/g, '>').replace(\/&lt;\/g, '<');\r\n                            jQuery('#srm_gmap_to_1').val(wgm_marker_to_1.replace(\/(<([^>]+)>)\/gi, \"\"));\r\n                        }\r\n                        var wgm_default_marker_icon_1 = 'https:\/\/maps.gstatic.com\/mapfiles\/api-3\/images\/spotlight-poi2.png';\r\n                        if (response.markers.length > 0) {\r\n                            response.markers.forEach(function (wgm_marker) {\r\n                                var wgm_marker_lat_lng_1 = wgm_marker.lat_lng.split(',');\r\n                                wgm_custom_marker_1 = new google.maps.Marker({\r\n                                    position: new google.maps.LatLng(wgm_marker_lat_lng_1[0], wgm_marker_lat_lng_1[1]),\r\n                                    title: wgm_marker.marker_name,\r\n                                    animation: google.maps.Animation.DROP,\r\n                                    icon: (wgm_marker.icon === '') ? wgm_default_marker_icon_1 : wgm_marker.icon\r\n                                });\r\n                                wgm_custom_marker_1.setMap(wgm_map);\r\n                                var wgm_marker_name_1 = (wgm_marker.marker_name !== null) ? ('<span class=\"info_content_title\" style=\"font-size:18px;font-weight: bold;font-family: Arial;\">'\r\n                                    + wgm_marker.marker_name +\r\n                                    '<\/span><br\/>') : '';\r\n                                wgm_marker.marker_desc = wgm_marker.marker_desc.replace(\/&gt;\/g, '>').replace(\/&lt;\/g, '<');\r\n                                custom_marker_infowindow = new google.maps.InfoWindow({\r\n                                    content: wgm_marker_name_1 + wgm_marker.marker_desc\r\n                                });\r\n                                if (wgm_marker.show_desc_by_default === '1') {\r\n                                    custom_marker_infowindow.open({\r\n                                        anchor: wgm_custom_marker_1,\r\n                                        shouldFocus: false\r\n                                    });\r\n                                }\r\n                                if (wgm_marker.have_marker_link === '1') {\r\n                                    google.maps.event.addListener(wgm_custom_marker_1, 'click', function () {\r\n                                        var wgm_target = '_self';\r\n                                        if (wgm_marker.marker_link_new_tab === '1') {\r\n                                            wgm_target = '_blank';\r\n                                        }\r\n                                        window.open(wgm_marker.marker_link, wgm_target);\r\n                                    });\r\n                                }\r\n                            });\r\n                        }\r\n                    });\r\n                });\r\n\r\n            <\/script>\r\n\r\n            <div id=\"srm_gmp_embed_1\"\r\n                 style=\"width:100% !important;height:300px  !important; \">\r\n            <\/div>\r\n                    \n","protected":false},"excerpt":{"rendered":"<p>El Centro de Formaci\u00f3n Integral &#8220;Irene Card\u00fas&#8221; fue habilitado en 1944 para j\u00f3venes \u00a0de escasos recursos de la zona norte del pa\u00eds. Actualmente alberga 50 j\u00f3venes de diferentes lugares del pa\u00eds. Educaci\u00f3n Internado Producci\u00f3n: (Ganader\u00eda, Granja, Campo) Horticultura &nbsp; &nbsp;<\/p>\n","protected":false},"author":1,"featured_media":271,"parent":0,"menu_order":0,"comment_status":"closed","ping_status":"closed","template":"","meta":[],"wppr_data":{"cwp_meta_box_check":"No"},"_links":{"self":[{"href":"https:\/\/cicparaguay.org\/cic\/wp-json\/wp\/v2\/pages\/148"}],"collection":[{"href":"https:\/\/cicparaguay.org\/cic\/wp-json\/wp\/v2\/pages"}],"about":[{"href":"https:\/\/cicparaguay.org\/cic\/wp-json\/wp\/v2\/types\/page"}],"author":[{"embeddable":true,"href":"https:\/\/cicparaguay.org\/cic\/wp-json\/wp\/v2\/users\/1"}],"replies":[{"embeddable":true,"href":"https:\/\/cicparaguay.org\/cic\/wp-json\/wp\/v2\/comments?post=148"}],"version-history":[{"count":15,"href":"https:\/\/cicparaguay.org\/cic\/wp-json\/wp\/v2\/pages\/148\/revisions"}],"predecessor-version":[{"id":277,"href":"https:\/\/cicparaguay.org\/cic\/wp-json\/wp\/v2\/pages\/148\/revisions\/277"}],"wp:featuredmedia":[{"embeddable":true,"href":"https:\/\/cicparaguay.org\/cic\/wp-json\/wp\/v2\/media\/271"}],"wp:attachment":[{"href":"https:\/\/cicparaguay.org\/cic\/wp-json\/wp\/v2\/media?parent=148"}],"curies":[{"name":"wp","href":"https:\/\/api.w.org\/{rel}","templated":true}]}}